et w(l) = 6*l**3 - 4*l**2. Let g(a) = 7*r(a) + 6*w(a). What is g(3)?
0
Let a = 4 - 2. Let c(z) be the first derivative of z**3/3 + 2*z**2 - 3*z - 4. What is c(a)?
9
Let z(n) = n**3 + 5*n**2 - 9*n - 9. Let q be (264/220)/(-1 + (-4)/(-5)). What is z(q)?
9
Let t(q) be the second derivative of q**3/3 + 5*q**2/2 - q. Let b be (-11)/2 - 12/(-8). What is t(b)?
-3
Let i(g) = -4*g + 1 + 1 - 6. Let p be -2 + (-1 - (2 + -2)). What is i(p)?
8
Let r(l) = -l - 2. Let x = 57 - 12. Let c = x - 29. Let j = 11 - c. Determine r(j).
3
Let i(j) = -5*j**3 + 3*j**2 + 10*j - 3. Let w(r) = -4*r**3 + 2*r**2 + 9*r - 3. Let d be 38/(-8) - (-13)/(-52). Let v(x) = d*i(x) + 6*w(x). Calculate v(2).
1
Let y(m) = -3*m. Suppose 0 = h - 2*h + 3. Let l(u) = u + u**3 - h*u**3 + 3*u**3. Let i be l(-1). Give y(i).
6
Suppose 41 = 3*p + 32. Let t(i) = 6*i - 3. What is t(p)?
15
Let p(u) be the third derivative of u**6/360 - u**5/20 + u**4/24 + u**3/2 - 3*u**2. Let g(i) be the first derivative of p(i). Calculate g(5).
-4
Let v(p) = -p**2 + 5*p - 7. Let s(l) = -3*l**2 + 10*l - 14. Let c(d) = -2*s(d) + 5*v(d). Determine c(-7).
7
Let x(y) = -y**3 - 5*y**2 - 5*y - 2. Suppose 0 = -2*o - o - 12. Calculate x(o).
2
Let r(k) = -k - 222*k**3 + 219*k**3 + k. Calculate r(1).
-3
Let w be 10/(-25) + 34/10. Let f(n) = -2*n**2 + 0*n**2 + 2*n - 5 + n**w - 5*n + 3. What is f(3)?
-2
Let g(y) be the third derivative of 2*y**5/15 - y**4/12 - y**3/6 + 8*y**2. Determine g(-1).
9
Let v(l) = 7*l - 1. Let c = -10 - -14. Suppose -1 = 3*d - c. Calculate v(d).
6
Let i(t) = -t**3 - 3*t**2 - 2*t - 3. Let w be -1 - ((-12)/18)/((-6)/9). Determine i(w).
-3
Let o(d) = d**3 - d**2 - 5*d + 3. Suppose y - 5*t = 8, 6*y - 3 = 4*y - 3*t. What is o(y)?
6
Let t(a) = -2*a - 1. Let n be 3/((-18)/4 + 3). What is t(n)?
3
Suppose -11*c + 9*c = -20. Let t(r) = -r**2 + 10*r - 1. Determine t(c).
-1
Let n(b) = -b**2 - 7*b - 6. Let r be (-1)/(-2)*-7*-2. Let k = -5 + r. Suppose -k*y + 0 = 4*l + 8, -4 = 4*l + 3*y. Give n(l).
6
Let f(o) = o**3 + 1. Let a(s) be the second derivative of s**5/5 + s**4/3 - s**3/3 + s**2/2 - 3*s. Let r(g) = -a(g) + 5*f(g). Give r(3).
1
Let t be (-1 - (-12 + 2)) + -3. Let f(u) = u**2 - 6*u + 4. Give f(t).
4
Let n(z) = -z. Let r(k) = -4*k + 3. Let j be (-10)/(-4) - 2/4. Let o(q) = j*n(q) - r(q). Calculate o(2).
1
Let g(p) = p - 6. Suppose 6*s = s - 30. What is g(s)?
-12
Let i = -9 - -13. Let u(s) = -2 - 3 + i*s**2 + 2 - s + s**3. What is u(-3)?
9
Let p(q) = -q**3 - 2*q**2 + 6*q + 5. Let m be (-20)/6 + (-10)/15. Calculate p(m).
13
Let w = 3 - 0. Let g(y) = 3*y - 5 - w*y + 2*y. Give g(5).
5
Let t(v) = -6*v. Let k(c) = c**3 + 3*c**2 + 1. Let f be (3/4)/((-4)/16). Let o be k(f). Give t(o).
-6
Let r(v) be the third derivative of -v**5/60 - 2*v**4/3 - 7*v**3/2 - 3*v**2. Let f be r(-15). Let t(w) = w**3 + 6*w**2 + 5. Determine t(f).
5
Let m(l) = l**2 - 4*l - 3. Let b be m(3). Let i(o) = 2*o - 7. Give i(b).
-19
Let u(h) = -3*h**3 - 15*h**2 - 14*h - 23. Let d(c) = c**3 + 5*c**2 + 5*c + 8. Let m(x) = -8*d(x) - 3*u(x). Let o = 5 - 3. Let q be 9/(-2) - 1/o. Calculate m(q).
-5
Let t(d) = d. Let l(b) = -b - 2 + 4 - 1. Let q(u) = l(u) + 2*t(u). Let a be 0/((-1)/4*-4). What is q(a)?
1
Suppose 6*s - 8 = 2*s. Let p be 22/10 + 2/(-11 - -1). Suppose -p*n = s*n. Let x(r) = r**2 - r - 2. Give x(n).
-2
Suppose 0 = 4*s + 3*k + 79, -5*s + k + 27 - 121 = 0. Let p = s + 13. Let w(d) = d + 3. Give w(p).
-3
Suppose 32 = 5*h - 3*l - 11, -3*l + 21 = 3*h. Let z be (h/(-12))/(2/(-9)). Suppose -2*y = z*y - 25. Let x(s) = s**2 - 5*s - 3. Give x(y).
-3
Let t(i) = -3 + 4 + 3 - i**2 - 3*i + 0. Suppose 0*x + 4*y = 2*x + 4, 0 = -5*x - 3*y - 75. Let g = x + 7. Give t(g).
-6
Let j(d) be the first derivative of -d**2/2 + 8*d - 41. Determine j(-7).
15
Let k(s) = -s + 5. Let p be 3/4*6*-2. Let f = p - -15. Determine k(f).
-1
Let h(j) = -8*j + 43. Let d be h(6). Let k(m) = 2*m + 2. Determine k(d).
-8
Let d(v) = v**2 - 3*v - 3. Let n = 11 - 6. Suppose -7*y + 4 = -n*y. Suppose y*a - 1 = 5. Give d(a).
-3
Let a be (-2)/(-5) + (-146)/(-10). Suppose 0 = -2*g - 0*g + 5*p + 19, 3*g = 3*p + a. Let w(r) = 2*r**2 + 0*r**g + 5*r - 5*r - 2*r**3 + 1. Calculate w(2).
-7
Let i(r) = r**2 + 4*r - 4. Let g be i(0). Let h(l) = -3*l. Calculate h(g).
12
Let t = 13 - 12. Let m(f) = f - t - 6 + 3 + 3. Give m(-3).
-4
Let l(n) be the first derivative of 2*n**2 - 3*n - 1. Let d(b) = -5 - b**3 + 2*b - 2*b**2 + 2 + 4 - 3*b. Let m be d(-2). Determine l(m).
9
Let t(y) = -y**3 + 4*y**2 + 6*y + 2. Let u(q) = -3*q - 28. Let j be u(-11). Calculate t(j).
7
Let g(d) = 2 + d + 3 - 2*d. What is g(0)?
5
Suppose 0 = 7*m - 4*m - 6. Suppose 7*o = 2*k + m*o + 17, -11 = k - 5*o. Let d(u) = -u**2 - 6*u + 6. Calculate d(k).
6
Let z(d) = d**3 + 6*d**2 - 7*d - 3. Let j be -7*(-2)/6*-3. What is z(j)?
-3
Let x = 33 - 49. Let w = x - -23. Suppose 2*q + 5 = w*q. Let r(m) = -8*m**3 - 2*m**2 + 1. Calculate r(q).
-9
Suppose 19 = 3*k + 1. Let b = -10 + k. Let n(o) = -o - 1. Determine n(b).
3
Let n = 15 + -22. Let w(r) = -r - 3. What is w(n)?
4
Let n = -16 - -20. Let s(h) = -h - n + 4. What is s(0)?
0
Let h(l) = 5*l**2 - 5*l**3 + 4*l + 3 + 6*l**3 - 2*l**3. What is h(6)?
-9
Let q = 0 + 1. Let x(y) = -1 + 4 - q - y. Let g be x(2). Let b(k) = k**2 + k + 2. Calculate b(g).
2
Suppose 2*w = d + 4, d - 6 + 2 = -2*w. Suppose d = 4*o - z + 11, 2*o - 4*z = -8 - 8. Let g(i) = 3 + 2*i**3 - i**3 - 45*i + 3*i**2 + 49*i. Calculate g(o).
-1
Suppose 7*l - 8*l + 35 = 5*g, 5*l = -5*g + 55. Let b(w) be the second derivative of w**3/6 - w**2/2 - w. Determine b(g).
5
Suppose 0 = f - 2*f - 2. Let c(w) be the first derivative of -w**3/3 - w**2 - w + 32. Determine c(f).
-1
Suppose 0 = 2*m - 2*v, m + v = 5*v + 9. Let u = 5 + m. Let q(d) = d**3 - 5*d**2 + 2*d + 2. Calculate q(u).
-6
Suppose -2*j - 5*m - 12 = 0, 89*m + 5 = -j + 87*m. Let k(r) = 3 - 6*r - 3. What is k(j)?
6
Let o(d) = -d**3 + 5*d**2 + 6*d + 3. Let i be o(6). Let r(y) = 3 - y**i - 6*y + 9*y + 0*y**2 - 2*y**2. Suppose 3*q - 2 = -11. Give r(q).
3
Let n be (2 - 1) + -3 + 3. Let k(q) = 3*q. Determine k(n).
3
Let z(p) = -p. Let i(b) = -4*b + 14. Let v(k) = k - 3. Let y(c) = 3*i(c) + 14*v(c). Let n(u) = 3*y(u) + 5*z(u). Calculate n(-3).
-3
Let i(w) be the second derivative of w**3/3 - w**2/2 + 15*w. Determine i(4).
7
Let b(s) = 2*s**2 - 2*s - 4. Let d = 5 + -4. Let t = 2 + d. What is b(t)?
8
Let y(f) = -f**3 - f**2 + f + 1. Let v(d) = -5*d**3 - 4*d**2 + 2*d + 7. Let j(w) = v(w) - 6*y(w). Give j(-3).
4
Suppose 0 = -2*d + 3*x + 7, -2*d + 4*d - x - 9 = 0. Let g be (2/(-5))/((-1)/d). Let a(t) = 2*t**2 - 4*t + 3. What is a(g)?
3
Let x = -7 - -6. Let s be 2 + x + -3 + 4. Let q(o) = 6*o - 2 + 2*o**2 + o**3 - 3*o**2 - 5*o**s. Calculate q(5).
3
Suppose q - 5*q + 8 = 0. Let n be 1*-2 - (q - 5). Let u(f) = 5*f - 1. Calculate u(n).
4
Let f(i) be the third derivative of i**6/120 - i**5/6 - 3*i**4/8 - 5*i**3/2 + 10*i**2 + 2. Give f(11).
7
Let t(d) = d**2 + d - 1. Let v be t(0). Suppose 5*s - 15 = 5*i, -s - 2*i = i + 1. Let y(u) = s - 5*u + 4 - 6. What is y(v)?
5
Let x(y) = y**2 - 12*y - 7. Let k be x(13). Let o(g) = g**3 - 5*g**2 - 7*g - 4. Give o(k).
-10
Let z(i) = -i**2 + i + 5. Let y(g) = -3*g + 1. Let u be y(-1). Suppose u*p - 6*p = -2, -5*o + 18 = -2*p. What is z(o)?
-7
Let n(d) = -2*d + 1. Let p(k) = 3*k - 1. Let t(f) = -4*n(f) - 3*p(f). Calculate t(6).
-7
Let r(t) = -t + 1. Suppose 5*c = -5*f + 4*f + 20, -4*f = 0. What is r(c)?
-3
Let j(v) = -2*v + 7. Let i(z) = 4*z**2 - 6*z + 3. Let g be i(2). Determine j(g).
-7
Let h(k) = -k**2 + 1. Let y be h(1). Let j(m) = -4*m - 4 + y*m**2 - 2*m**2 - 4*m + 1. Give j(-5).
-13
Suppose 2*c - 2 = -s, -5*s + 6*c + 10 = c. Let j(v) = 2*v**2 + v**s + 5*v**3 + 5*v + 1 - 6*v**3. Calculate j(4).
5
Let v(m) = -m. Let j = -10 + 16. Let x be (-8)/j*(-6)/4. Suppose -x = 3*z + 3*r - 14, -2*r = 4*z - 16. Determine v(z).
-4
Let n(f) be the first derivative of f**2 - 4*f + 3. What is n(3)?
2
Let n(u) be the third derivative of -u**6/120 - u**5/20 + u**4/12 + u**3/3 + 5*u**2. Calculate n(-3).
-4
Let a be 3 - (4 - (3 + 0)). Let v(q) be the first derivative of 5*q**a - 2*q**2 + 0*q**2 + 3. Give v(-1).
-6
Let d(o) = o - 2. Suppose 4*j = 6 + 10. Give d(j).
2
Let o(u) = -u**2 - 8*u + 1. Let w(y) = -y**2 + 4*y - 2. Let a be w(5). Determine o(a).
8
Let t(x) = 4. Let h(j) = -